Let l(j) = -2*j + 35. List the prime factors of l(0).
5, 7
Let j(g) = -8*g + 9. Let k be j(-12). Suppose -l + 6*l - k = 0. List the prime factors of l.
3, 7
Let m = 90 + -24. Let j = -35 + m. Suppose 4*g = p + j, 4*g = -g + 2*p + 38. What are the prime factors of g?
2
Suppose 27*c + 36 = 28*c. List the prime factors of c.
2, 3
Suppose 4*x = 0, -3*v + x + 0*x = -3. Let g be v*(-2 + 4 + 1). Suppose -2*n + g = a, 4*a + 3*n - 4*n - 12 = 0. List the prime factors of a.
3
What are the prime factors of -4 + (-8)/(-4) + 0 + 26?
2, 3
Let b(n) be the third derivative of n**5/60 - n**4/24 + 5*n**3/6 + n**2. Let q(g) = -g + 9. Let m be q(9). List the prime factors of b(m).
5
Suppose 42 = -0*s + 3*s. What are the prime factors of s?
2, 7
Let t = -12 + 23. What are the prime factors of t?
11
Suppose 0 = 2*n - 3*n - 16. Suppose 3*h = -2*h + 45. What are the prime factors of h/(-6)*n/6?
2
Suppose 0*h + 4*h = 64. What are the prime factors of h?
2
Suppose 3*g - 157 = 2*o, -3*o - 169 = -3*g - 4*o. List the prime factors of g.
5, 11
Suppose l + 48 = 3*l + 4*n, -3*l = -4*n - 22. List the prime factors of l.
2, 7
Let j(o) be the first derivative of -o**3/3 + 9*o**2/2 - 8*o - 1. Let a(u) = -u**2 - 7*u - 6. Let t be a(-4). What are the prime factors of j(t)?
2, 5
Suppose -5*a + 15 = -20. Suppose a*j - 4*j = 108. What are the prime factors of j?
2, 3
Suppose y + 8 + 7 = 0. Let q = y - -9. Let v = q - -13. What are the prime factors of v?
7
Suppose 0 = -2*u + g + 3, 5*u - 2*g = 3*u + 6. Suppose -4*p + 111 = -4*b + 27, -3*p - b + 47 = u. List the prime factors of p.
17
Let i(c) = c**3 + 9*c**2 + 2. What are the prime factors of i(-7)?
2, 5
Let b(u) = -u**3 - 8*u**2 + 9*u + 1. Let x be b(-9). Let o(m) = -5 + 2 + x + 3*m. What are the prime factors of o(4)?
2, 5
Let w be -1 - 2/((-2)/211). Suppose -60 = 5*i - w. Suppose -5*b + 2*b = -i. What are the prime factors of b?
2, 5
Suppose 0 = 5*g + 3*z - 320, -z + 129 = 2*g - 0*z. What are the prime factors of g?
67
Let p(h) = h**3 + 8*h**2 - 9*h + 12. Let d be -9*((-4)/(-2))/2. List the prime factors of p(d).
2, 3
Suppose -4*u = -2*c - 2, -3*c = -4*u - 0 - 1. Suppose 0 = 4*k - 3*h + 6*h - 150, -u*k = -2*h - 68. List the prime factors of k.
2, 3
Suppose 4*z - q + 17 = -0*z, 3*z - 4*q = -16. Let u = 8 + z. List the prime factors of (-2)/3*(-42)/u.
7
Suppose o = 6*o - 125. Suppose -5 = 4*z - o. List the prime factors of z.
5
Suppose 14*j + 6 = 15*j. List the prime factors of j.
2, 3
Suppose -2*a + 3*j = 2*j - 11, -5*j = -a + 28. What are the prime factors of a?
3
Let p(a) = a**3 + a + 4. Let j be p(0). Let c(y) = 11*y - 14. What are the prime factors of c(j)?
2, 3, 5
Let s be (-6)/(-33) - 4/22. Suppose s = -5*x + 7 + 18. List the prime factors of x.
5
Let h(u) = 2*u**2 - 2*u - 2. Let s be h(3). Suppose s = -0*g + 2*g. What are the prime factors of g?
5
Suppose 0 = -5*g + 4*m - 0*m + 5, -5*m = 5*g - 50. Suppose -g*b + 23 = v, 2*v - 3*v - b = -39. List the prime factors of v.
43
Suppose -456 = 32*t - 34*t. What are the prime factors of t?
2, 3, 19
Let t(w) = -w - 3. Suppose -2*l + 2 = b + 13, 9 = -3*l - 4*b. What are the prime factors of t(l)?
2
Let q = -6 + 9. Let s(f) = 15 + 4*f**2 + f**q - 12 + 0*f**3. List the prime factors of s(-4).
3
Let a(i) = 2*i**2 + i + 5. What are the prime factors of a(3)?
2, 13
Suppose -5*p + 2226 = 2*p. List the prime factors of p.
2, 3, 53
What are the prime factors of (-4)/(-10) - (-2215)/25?
89
Let s(f) = f**2 + 4*f + 1. Let q(y) = y**3 - 4*y**2 - 5*y - 5. Let k be q(5). What are the prime factors of s(k)?
2, 3
Let w = -6 + 28. Let p = w - 49. List the prime factors of (4/(-6))/(3/p).
2, 3
Let y(q) = q + 5. Let h be -26*1*(-2)/(-4). Let w = 22 + h. List the prime factors of y(w).
2, 7
Suppose 3*p = -5*t + p, 12 = t - 2*p. Suppose 2*o - 11 = -3*y + 3, -t*o + 5*y + 30 = 0. What are the prime factors of o?
2, 5
Let f(v) = -v**2 - 3*v + 54. What are the prime factors of f(0)?
2, 3
Let f be 7/((-7)/(-18)) + -2. Let p be (-3)/(-3)*(f - -2). Suppose 0 = x + 3*u - p, -2*x - 5 = 3*x - 4*u. What are the prime factors of x?
3
Suppose r + 4*g + g + 15 = 0, -3*r - 9 = -3*g. Let s = 8 + r. Suppose -s*i - k + 66 = 2*i, 4*i - 55 = -3*k. What are the prime factors of i?
13
Let h(m) be the second derivative of -m**5/20 - 5*m**4/12 - m**3 + 7*m**2/2 - 7*m. What are the prime factors of h(-5)?
37
Let j(p) = p**3 - 8*p**2 + 7*p + 3. Let m be j(7). What are the prime factors of 8/m*(-12)/(-8)?
2
Let m(v) be the third derivative of -v**5/120 + v**4/12 - v**3/2 + v**2. Let g(k) be the first derivative of m(k). List the prime factors of g(-9).
11
Suppose -12*u = 4*u - 480. List the prime factors of u.
2, 3, 5
Let c = 46 + 37. List the prime factors of c.
83
What are the prime factors of (44/2)/(1/6*4)?
3, 11
Let s = -37 - -82. List the prime factors of s.
3, 5
Let u(z) = -z + 1. Let a be u(-6). Let j(m) = -1 - 5*m + m**2 + 1 - 5. What are the prime factors of j(a)?
3
List the prime factors of 1 - ((-5)/1 + -54).
2, 3, 5
Let m(j) = j**2 - 5*j + 1. List the prime factors of m(8).
5
Suppose -2 + 14 = 2*v. Let r = -4 + v. What are the prime factors of r?
2
Suppose 2*x + 2*x = -4. Let t = x - -7. List the prime factors of t.
2, 3
Let a = -88 - -155. What are the prime factors of a?
67
Let h(r) = -r**2 - 9*r - 1. Let a be h(-6). Suppose -3*w + a = -5*k - 26, 0 = -2*w + k + 17. List the prime factors of w.
2, 3
Let w = -25 - -30. List the prime factors of w.
5
Let l(f) = 23*f**3 + f**2 - f. Let r be l(1). Suppose 4*m - 2*d + 23 = -29, 3*m - 2*d + 40 = 0. Let q = r + m. List the prime factors of q.
11
Let y(j) = 2*j**2 + 2. Suppose 13 = -5*n - g - 7, -11 = -3*n + 4*g. What are the prime factors of y(n)?
2, 5
Suppose -1075 = -5*h - 75. What are the prime factors of h?
2, 5
Suppose q = 3*x - 4*q - 136, -4*q = x - 34. What are the prime factors of x?
2, 3, 7
Let b(o) = -108*o**2 + 1. Let j be b(1). Let m = 75 + j. Let p = -22 - m. What are the prime factors of p?
2, 5
Let z(x) = -4*x - 42. List the prime factors of z(-18).
2, 3, 5
List the prime factors of 7/(7/30) - 2.
2, 7
Let i(u) = -9*u - 42. What are the prime factors of i(-6)?
2, 3
Let r(m) = -m**3 - 16*m**2 - 3*m - 1. Let c be r(-16). Suppose 2*h + 5*t = c, -h - 6*t + 21 = -3*t. List the prime factors of h.
2, 3
Suppose 12 = 4*z, -12 = 4*b + z + 5. List the prime factors of (-6)/b*120/9.
2
Let p(y) = y**2 - 5*y - 1. Suppose -5*q + q + 120 = 0. Suppose -2*x + q = 3*x. What are the prime factors of p(x)?
5
Let s(g) = -2*g**3 + g**2 - 1. Let d be s(-1). Suppose 0*v + d*v = 38. List the prime factors of v.
19
Let a(z) = -z**3 + 6*z**2 + 7*z - 4. Suppose -1 = 4*i - 25. What are the prime factors of a(i)?
2, 19
Suppose -208 - 776 = -8*c. List the prime factors of c.
3, 41
Let j be -2*2/2 - -2. Suppose 4*x - u - 14 - 42 = j, 73 = 5*x - 2*u. List the prime factors of x.
13
Suppose -8*v - 260 = -1244. List the prime factors of v.
3, 41
Suppose -2*j - j + 36 = 0. Suppose 8*f - 4*f = 8. Suppose -j = -f*y - y. List the prime factors of y.
2
Let o be -1 + 1*(-1 + 2). Suppose o = -y - y + 14. Let u = y - -4. What are the prime factors of u?
11
List the prime factors of ((-16)/(-12))/1*15/2.
2, 5
Suppose -5 = 2*a - 7*a. Suppose -3*t + 5 = -5*y - 14, y = 5*t - 17. What are the prime factors of t/a - 2/(-1)?
5
Let l = -78 - -161. List the prime factors of l.
83
Suppose -5*p - 8 + 3 = 0. Let k(b) = 2*b - 1. Let q be k(0). List the prime factors of 13 + (q/p - 2).
2, 3
Let c(q) = q**2 - 2*q + 2. Let p be c(3). Suppose -p*g + 16 = -g. Suppose -w = 4*v - 48, -5*v + g*w + 28 = -v. List the prime factors of v.
11
Let q(o) = 2*o**2 - 8*o + 10. What are the prime factors of q(11)?
2, 41
Let u(v) = -v**3 - 6*v**2 - 3*v - 4. List the prime factors of u(-6).
2, 7
Suppose 3*u + 3 = 0, 0*r = 2*r - 5*u - 15. What are the prime factors of r?
5
Let l(y) = -y**2 - 14*y - 6. Let m be l(-14). What are the prime factors of ((-8)/m)/((-4)/(-6))?
2
Suppose 23*h - 32*h + 1116 = 0. List the prime factors of h.
2, 31
Let r(s) = s**2 + s - 2. Let w be r(2). Suppose w*h - 4*t - 48 = -0*t, -46 = -3*h + 5*t. Suppose -2*z + 15 = -h. List the prime factors of z.
11
Suppose 0*u - 50 = 5*u. List the prime factors of 3/(3/u*-1).
2, 5
Suppose -2*b = -z - 32 - 24, -2*b - 48 = z. What are the prime factors of 836/26 + 8/z?
2